13*y + 3*y = -5*y. Suppose y = b + 234 - 248. Calculate the greatest common divisor of b and 322.
14
Let t(l) = 89*l - 444. Let d be t(5). Let k = -28 + 39. What is the greatest common factor of d and k?
1
Let l be -2 - (-8 - 0)*10. Let u = -14062 + 14088. What is the greatest common divisor of l and u?
26
Suppose -4*q + 0 = -16. Let c = 22 - q. Calculate the highest common factor of 9 and c.
9
Suppose 1298 = 151*b - 33*b. What is the greatest common divisor of 32 and b?
1
Suppose 4*b = 4*j - 8828, 74*j - 4*b = 69*j + 11029. What is the highest common factor of j and 62?
31
Let r be 372/144*-3*-76. Calculate the highest common factor of 38 and r.
19
Suppose 5*g + 7*j - 2*j - 720 = 0, 5*g - 5*j = 680. Let w be (-186)/(-14) + (-40)/g. Let p = w - 8. Calculate the greatest common divisor of 1 and p.
1
Suppose 3*x + 0 - 6 = 0, 0 = -4*m + 5*x - 322. Let z = -77 - m. Calculate the greatest common divisor of 3 and z.
1
Let t(k) = -606*k - 313. Let x be t(-5). What is the highest common factor of 429 and x?
143
Suppose 4*n - 70 = -0*n + 2*j, -1 = -j. Suppose 0 = -2*r + 9*r + 560. Let o = 152 + r. Calculate the highest common factor of o and n.
18
Let h = -1086 - -1096. Suppose -11*i = -8*i - 15. Suppose 0 = i*o + j - 446, j = 2*o - 0*j - 184. Calculate the highest common factor of o and h.
10
Let x = -3277 - -3492. What is the greatest common divisor of 20 and x?
5
Let h be 6/1 - (85 + -92). Calculate the greatest common divisor of 2899 and h.
13
Let b be (-1)/(-4 - 1) - 644/20. Let j = 43 + b. Calculate the highest common divisor of 22 and j.
11
Let f = -11 - -19. Suppose f = -3*a + 14. Let h be 20/(-3)*a/(-10)*6. What is the greatest common factor of h and 40?
8
Suppose 2*k + 5*s = 976, 12*k = 13*k + 4*s - 488. What is the greatest common factor of 3294 and k?
122
Suppose 2*f = -2*m + 462, 2*f + 74 = 2*m - 400. Calculate the greatest common factor of 774 and m.
18
Suppose 210*g - 2 = 211*g - 50. Calculate the greatest common factor of 453 and g.
3
Let a = -7442 - -7589. What is the greatest common factor of 2037 and a?
21
Let z(i) = -i**3 - 5*i**2 + 12*i - 11. Let l be z(-7). Suppose -33 + l = -2*r. Let n = 85 + 50. Calculate the greatest common factor of r and n.
15
Let q(t) = t**3 + 76*t**2 + 865*t + 104. Let g be q(-62). What is the highest common divisor of g and 2710?
10
Let q = 28113 + -28112. What is the highest common divisor of q and 1250?
1
Let u(a) = a**3 + 18*a**2 + 24*a + 33. Let k be u(-17). Let m = 107 + k. What is the highest common divisor of 105 and m?
21
Let b = -3823 + 3889. What is the greatest common divisor of b and 594?
66
Let m be (420/(-9))/(-4 + (-1940)/(-486)). Suppose -9*l + 39*l = m. What is the greatest common divisor of 7 and l?
7
Suppose 106 + 246 = 11*j. Let w = -2179 + 2191. Calculate the greatest common factor of w and j.
4
Suppose 3*x = -v + 5*v - 1344, 0 = -v - x + 336. Suppose -4*s - 7 = 4*n - 55, 150 = 5*n - 5*s. Calculate the greatest common factor of v and n.
21
Let f(a) = a**3 + 5*a**2 + 23*a - 100. Let w be f(8). Suppose 0 = 909*l - w*l + 56. What is the highest common divisor of 920 and l?
8
Let a = -22665 + 22917. Let t be (-3)/(-2) - 3/6. Let z be 0/t + -1 - -29. What is the greatest common factor of z and a?
28
Let b(d) be the second derivative of -d**4/12 + 5*d**3/3 - 9*d**2 + 68*d. Let q be b(3). What is the highest common divisor of 54 and q?
3
Suppose -141*i + 29760 = -59*i + 110*i. Let y be (2/4)/((-2)/(124*-1)). Calculate the highest common divisor of y and i.
31
Suppose 0 = -x - 0*x + 85. Suppose 2*a = 2, 3*f - 2*a - 16 = -3*a. Suppose -4*d = -f*z + 73, 6*z + 5*d = 4*z + 49. What is the highest common factor of z and x?
17
Let f(g) = 752*g**2 + 29*g - 29. Suppose 267 = 6*x + 261. Let s be f(x). Calculate the greatest common factor of 47 and s.
47
Suppose 0 = 5*q - 0*q + 20. Let o be ((-4)/(-6))/(q/(-6)). Let l = -17598 + 17599. Calculate the highest common factor of l and o.
1
Let t = 37782 - 18201. Calculate the greatest common factor of t and 183.
183
Suppose -3*r - 138 - 10 = -2*y, -158 = -2*y - 2*r. Suppose -82*s + 127*s = 60*s - 345. Suppose 0 = -o - s + y. What is the highest common factor of 135 and o?
27
Let p(d) = -4*d**2 - 9*d + 1. Let o be p(-1). Calculate the greatest common divisor of 99 and o.
3
Let h be -7 + ((-210)/(-36))/7 + (-326703)/(-18). Calculate the highest common divisor of h and 162.
162
Let b be 28/(-21)*(-441)/2. Calculate the greatest common factor of b and 48.
6
Let l(h) = -2 + 23*h - h - 1. Let k be l(1). Suppose -5*i + 92 = 2*c - 9, -2*i + 32 = -2*c. What is the greatest common divisor of i and k?
19
Let f(l) = 25*l + 1414. Let t be f(-55). What is the highest common divisor of t and 520?
13
Suppose 153*o + 14950 = 478*o. Calculate the highest common factor of o and 17.
1
Let k = -17 - -39. Let v = -103 + 109. Suppose -v*f = -12*f + 12. Calculate the greatest common divisor of f and k.
2
Suppose -4*f - 2*i = -250, 0 = f - 4*i - 25 - 60. Let j = -18 + f. Suppose j = -2*k + 69. Calculate the greatest common divisor of 1 and k.
1
Let w(n) = 25*n + 211. Let i(b) = -38*b - 316. Let r(a) = -5*i(a) - 8*w(a). Let q be r(-11). Calculate the greatest common divisor of 2 and q.
2
Let a = 20991 - 20967. Calculate the greatest common divisor of 13608 and a.
24
Suppose -119 = 2*a + 133. Let f = a - -130. What is the highest common divisor of f and 40?
4
Suppose -48*g = -49*g + 1624. What is the greatest common divisor of 28 and g?
28
Suppose -13*y - 231 = -10*y. Let u = -22 - y. Calculate the highest common factor of 495 and u.
55
Suppose -13 = 4*n - 1, n - 10 = -u. Let i(a) = a**3 - 12*a**2 + 11*a - 12. Let d be i(9). Let v = d - -299. What is the greatest common divisor of v and u?
13
Let a(j) = -2*j**2 + 57*j + 29. Let r be a(33). Let w = r - -290. What is the highest common divisor of w and 88?
22
Let p = -246 + 249. Let d(f) = 62*f - 51. Let v be d(p). Calculate the highest common divisor of v and 27.
27
Let f = 539 + -500. Let u be 1/(52/f*2/64). Calculate the highest common factor of u and 84.
12
Let n be ((-2)/4)/((-41)/8 + 5). Let s be n + 20/(-7 - -3). Let i be (-1945)/(-15) - s/3. Calculate the highest common factor of i and 13.
13
Suppose -16*a + 63 + 62 = -83. Calculate the greatest common factor of 5707 and a.
13
Let c = 774 - 1441. Let s = c + 688. Let v(f) = 106*f**2 + 2*f + 1. Let a be v(-1). What is the greatest common divisor of s and a?
21
Suppose -13*z + 116 + 196 = -260. Calculate the highest common factor of z and 220.
44
Suppose -3*m + 140 = 5*b - b, 0 = -5*b + 25. Suppose -13*t + 4564 + 7019 = 0. Let s = t + -886. Calculate the greatest common divisor of m and s.
5
Suppose -76848 + 152161 + 510587 = 189*v. What is the greatest common factor of 900 and v?
100
Let g = 6 + 6. Let u be 8 + ((-5)/(-30) - 2/g). Let h be ((-270)/24)/(0 + (-3)/u). What is the greatest common divisor of h and 45?
15
Suppose 0 = 4*x - 3*z - 16013, -4*x - 2*z = -x - 12014. Calculate the greatest common factor of x and 176.
44
Suppose 0 = -0*q - 2*q. Suppose c = -q*c + 196. Let l be (32/(-28))/((240/180)/((-98)/3)). What is the greatest common factor of c and l?
28
Let r = -6197 + 6345. What is the highest common factor of 962 and r?
74
Suppose -2*t - 29*t = -2852. Suppose 88*v - t*v = -232. Calculate the greatest common factor of 1044 and v.
58
Let w = 322 - 323. Let u be 1*((30 - 27) + (w - -4)). Suppose 4*n + 13 = 133. Calculate the greatest common divisor of n and u.
6
Suppose 323 - 28 = y - 2*m, -y + 280 = m. What is the highest common factor of 240 and y?
15
Let i(t) = t**3 + 9*t**2 + 12*t + 8. Let q(p) = -4*p - 59. Let o be q(-13). Let r be i(o). What is the greatest common factor of 33 and r?
11
Let k = 8509 + -8469. Calculate the greatest common divisor of k and 18280.
40
Suppose -10363 - 30150 - 13919 = -7*l. What is the greatest common factor of l and 9?
9
Suppose -71 - 13 = -4*f. Let s = -381 - -435. Let q be (-191)/(-9)*1 + s/(-243). What is the highest common divisor of f and q?
21
Let l be 20/((-1040)/(-871))*692/1. What is the highest common factor of 67 and l?
67
Let l = -336 + 622. Suppose 0 = -p - 5*j + 16, 4*p + 3*j - 124 = -p. Calculate the greatest common factor of p and l.
26
Let r(d) = 5*d. Let f be r(-1). Let h = f + 3. Let p be (-1)/h*(135 - (-9)/(-3))